{"id":757,"date":"2017-10-20T13:14:56","date_gmt":"2017-10-20T11:14:56","guid":{"rendered":"http:\/\/www.swissdiscgolf.ch\/walk\/walk17\/?page_id=757"},"modified":"2025-04-08T21:18:27","modified_gmt":"2025-04-08T19:18:27","slug":"studerstein","status":"publish","type":"page","link":"https:\/\/www.discgolfbern.ch\/index.php\/studerstein\/","title":{"rendered":"Studerstein"},"content":{"rendered":"<div id=\"pl-757\" class=\"panel-layout\">\n<div id=\"pg-757-0\" class=\"panel-grid panel-no-style\" data-style=\"{&quot;background_display&quot;:&quot;tile&quot;,&quot;cell_alignment&quot;:&quot;flex-start&quot;}\">\n<div id=\"pgc-757-0-0\" class=\"panel-grid-cell\" data-weight=\"1\">\n<div id=\"panel-757-0-0-0\" class=\"so-panel widget widget_sow-editor panel-first-child panel-last-child\" data-index=\"0\" data-style=\"{&quot;background_image_attachment&quot;:false,&quot;background_display&quot;:&quot;tile&quot;}\">\n<div class=\"so-widget-sow-editor so-widget-sow-editor-base\">\n<div class=\"siteorigin-widget-tinymce textwidget\">\n<p>Die Anlage mit 4 K\u00f6rben im Park Studerstein, gleich neben dem Park&amp;Ride Neufeld in Bern, ist eine Disc Golf \u00dcbungsanlage ohne markierte Abw\u00fcrfe. Auf <a href=\"https:\/\/udisc.com\/courses\/bern-studerstein-Vl4A\">UDisc<\/a> sind verschiedene Kurslayouts zu finden. Die Anlage ist \u00f6ffentlich und kann gratis bespielt werden. <strong>Auf andere Parkbenutzende, Tiere und die gesamte Parkanlage ist R\u00fccksicht zu nehmen.<\/strong><br \/>Disc Golf Frisbees (Putter) k\u00f6nnen bei der <a href=\"https:\/\/quartierbaute.ch\/\">Quartierbaute<\/a> <em>z&#8217;Vieri<\/em> auf dem Viererfeld ausgeliehen werden. Dort stehen weitere 3 K\u00f6rbe, die zum Putt- und Approachtraining oder auch f\u00fcr ein Layout mit kurzen Bahnen geeignet sind. Es kann auch <strong>Fussballgolf\u00a0<\/strong>in die Vertiefungen zu F\u00fcssen der Disc Golf K\u00f6rbe gespielt werden.\u00a0<\/p>\n<p><a href=\"https:\/\/www.discgolfbern.ch\/walk\/walk17\/wp-content\/uploads\/2023\/11\/Discgolf-erobert-die-Stadtparks-Berner-Zeitung.pdf\">Artikel in der BZ 2017: Discgolf erobert die Stadtparks <\/a><\/p>\n<\/div>\n<\/div>\n<\/div>\n<\/div>\n<\/div>\n<\/div>\n\n","protected":false},"excerpt":{"rendered":"<p>Die Anlage mit 4 K\u00f6rben im Park Studerstein, gleich neben dem Park&amp;Ride Neufeld in Bern, ist eine Disc Golf \u00dcbungsanlage\u2026<\/p>\n<p class=\"continue-reading-button\"> <a class=\"continue-reading-link\" href=\"https:\/\/www.discgolfbern.ch\/index.php\/studerstein\/\">weiterlesen<i class=\"crycon-right-dir\"><\/i><\/a><\/p>\n","protected":false},"author":5,"featured_media":0,"parent":0,"menu_order":0,"comment_status":"closed","ping_status":"closed","template":"","meta":{"footnotes":""},"class_list":["post-757","page","type-page","status-publish","hentry"],"_links":{"self":[{"href":"https:\/\/www.discgolfbern.ch\/index.php\/wp-json\/wp\/v2\/pages\/757"}],"collection":[{"href":"https:\/\/www.discgolfbern.ch\/index.php\/wp-json\/wp\/v2\/pages"}],"about":[{"href":"https:\/\/www.discgolfbern.ch\/index.php\/wp-json\/wp\/v2\/types\/page"}],"author":[{"embeddable":true,"href":"https:\/\/www.discgolfbern.ch\/index.php\/wp-json\/wp\/v2\/users\/5"}],"replies":[{"embeddable":true,"href":"https:\/\/www.discgolfbern.ch\/index.php\/wp-json\/wp\/v2\/comments?post=757"}],"version-history":[{"count":43,"href":"https:\/\/www.discgolfbern.ch\/index.php\/wp-json\/wp\/v2\/pages\/757\/revisions"}],"predecessor-version":[{"id":3034,"href":"https:\/\/www.discgolfbern.ch\/index.php\/wp-json\/wp\/v2\/pages\/757\/revisions\/3034"}],"wp:attachment":[{"href":"https:\/\/www.discgolfbern.ch\/index.php\/wp-json\/wp\/v2\/media?parent=757"}],"curies":[{"name":"wp","href":"https:\/\/api.w.org\/{rel}","templated":true}]}}